t derivative of -u**2 - 4*u - 3. Let j be w(-11). Calculate the greatest common divisor of j and b.
18
Let k = 359 + -164. What is the greatest common factor of 39 and k?
39
Let j = 103 - 1. What is the highest common factor of j and 357?
51
Let p be ((-152)/95)/((-1)/35). Suppose 2*x + 72 = 2*g, -5*g - x + 168 = -3*x. Suppose -5*i + g = -i. What is the highest common factor of p and i?
8
Let x = 157 + -99. Calculate the greatest common divisor of x and 145.
29
Let s = 1851 - 1826. Let b be -1 + 0*(-1)/2. Let p = b + 11. Calculate the greatest common divisor of p and s.
5
Suppose 203*x - 208*x = -390. What is the greatest common factor of x and 351?
39
Let y(w) = -7*w + 1. Let c be y(-2). Suppose -v - 4*v = -15. Suppose 2 = t - 2*j - 3, 5 = t + v*j. Calculate the greatest common factor of t and c.
5
Suppose 44 = 2*f + 4*w, -4*w + 10 - 2 = 0. Suppose 0*a - 2*a + 28 = 2*b, f = b - a. Let r be (96/10)/(-3)*-25. What is the highest common factor of b and r?
16
Let c = -2251 - -2303. Calculate the greatest common factor of c and 208.
52
Let a = -15 - -25. Let z(h) = 4*h + 17. Let s be z(-8). Let w be (220/s)/(2/(-15) + 0). What is the greatest common factor of w and a?
10
Let u be -4*489/(-18) + 14/(-21). Suppose -2 = 3*w + 2*z - 38, 60 = 5*w + 2*z. Calculate the highest common divisor of w and u.
12
Let d = 120 - 205. Let o = d - -123. Calculate the highest common factor of o and 342.
38
Let k(j) = j**2 - 8*j + 3. Let d be k(7). Let c = 8 + d. Suppose 2*m + 1 = -c*t + 51, 2*t - 30 = 4*m. What is the highest common divisor of 52 and t?
13
Let l be -2*(78/(-15))/(8/10). What is the greatest common divisor of 117 and l?
13
Suppose 4*q - 14 = -3*a, 2*q - 3*a = 4 + 12. What is the greatest common divisor of 55 and q?
5
Let k = 1 - -25. Suppose -5*i = 3*b - 769, -5*b - 4*i = -0*b - 1299. Suppose o + 3*o - 61 = -f, 4*f = 3*o + b. What is the highest common divisor of k and f?
13
Suppose 4*p = 12, 3*p + 104 = 4*k - 31. Suppose -2*j - 16 = -2*q, 12*q + 16 = 15*q - j. What is the highest common divisor of q and k?
4
Let o = 471 + -318. What is the highest common factor of o and 9?
9
Suppose -27*p + 276 = -23*p. Suppose -p*w = -70*w + 14. What is the highest common divisor of w and 112?
14
Let b = -383 + 393. Let m be 40/(-3)*(-15)/4. Calculate the highest common factor of b and m.
10
Let p be (1/((-3)/(-60)))/1. Let b = -96 - -178. Let j = b + 78. What is the greatest common factor of p and j?
20
Let w be 0 + 2 + (-14)/1. Let j = -11 - w. Suppose j = i - 13. What is the highest common divisor of i and 14?
14
Let h(u) = -4*u - 11*u**3 - 3 - 2*u**2 + u**3 - 8*u**3 + u**3. Let w be h(-2). Calculate the greatest common factor of w and 19.
19
Let r = -10 + 11. Suppose 16 = 5*z + r. Let f be (z + (-1)/(-3))*6. Calculate the highest common factor of f and 2.
2
Let f = -242 - -352. Suppose 3*p + 294 = 5*a, 2*a + 3*p - f = 8*p. Calculate the highest common factor of a and 150.
30
Let u be (-17 - -19) + (76 - 1). Suppose 0*t + 165 = 15*t. What is the highest common divisor of t and u?
11
Let l be -10 - (15/(-8) + 14/(-112)). Let q = l - -11. What is the greatest common divisor of 27 and q?
3
Let m(j) = 2*j**2 + 4*j + 7. Let t be m(5). Let l = 123 - t. Suppose -x + 2*g + 12 = 0, 3*x - l = 3*g - 2*g. What is the highest common factor of 40 and x?
8
Let d be (-11)/((-1518)/2507) - (-5)/6. Calculate the highest common factor of d and 475.
19
Let h be (-24)/6*(3 + -1). Let j(t) = -9 - 76*t - 72*t + 140*t. Let r be j(h). What is the highest common factor of r and 11?
11
Suppose -7*t + 68 - 19 = 0. Calculate the greatest common factor of t and 91.
7
Suppose -3*o - 8 = 91. Let q = -26 - o. Suppose 0 = -5*m - 4*x + 175, 0*m = 4*m - 4*x - 140. Calculate the highest common divisor of m and q.
7
Let c = 7 - 7. Let r be (0/2 - 1)*c. Suppose r*z = -3*z + 27. What is the highest common divisor of z and 45?
9
Suppose -2 = 2*i + 2*y - 0, 0 = -y + 1. Let u = -13 - i. Let f(c) = c**3 + 11*c**2 + 7. Let r be f(u). Calculate the highest common factor of 1 and r.
1
Suppose 3*d - a = -17 + 86, -2*a + 126 = 5*d. Let q(u) = u**2 - 7*u + 6. Let w be q(9). Calculate the greatest common divisor of d and w.
24
Let p be 143/13 + -11 - -6. Calculate the highest common factor of 9 and p.
3
Let h(b) = -b + 30. Let z be h(-10). What is the highest common factor of 640 and z?
40
Suppose q - 2*j - 34 = 0, -4 = 5*j + 1. Let s(u) = -u**3 + 18*u**2 - 36*u - 7. Let i be s(15). Calculate the greatest common divisor of i and q.
32
Suppose 0 = -4*b + 440 + 168. Let s be 18 - (3 - 8/2). What is the highest common divisor of b and s?
19
Let b = 0 + 3. Suppose -b*y = 9 - 0. Let i be (y/(-4))/(4/80). Calculate the greatest common divisor of 45 and i.
15
Suppose -2*o - 12 = -4*p, -2*p + 2*o + 14 = 5*o. What is the highest common factor of p and 196?
4
Suppose -3*i + 3*j = -252, -12*j = 2*i - 13*j - 172. Calculate the highest common divisor of 33 and i.
11
Let p be (1 + -7)/(26/(-273)). Suppose 81 + p = 2*g. Suppose 0 = 2*f - f, 4*y = 3*f + g. What is the highest common divisor of y and 18?
18
Let u(x) = 20*x**2 - 4*x - 16. Let t be u(-3). Calculate the highest common factor of 33 and t.
11
Let i = -104 - -98. Let h = i + 9. Suppose f = -f + 4. What is the highest common divisor of f and h?
1
Suppose 0 = -5*f + 20, -d - 7*f + 748 = 2*d. Calculate the highest common divisor of 45 and d.
15
Let p be 6/(-16) + 9009/728. What is the greatest common divisor of p and 282?
6
Suppose -14 = -5*q + 3*k, 4*k + 8 = 16*q - 12*q. Suppose 0*l = -3*l + 12. What is the greatest common divisor of l and q?
4
Suppose 55*b - 9180 = 25*b. Calculate the highest common factor of b and 126.
18
Suppose -3*h - 3*a = -135 - 309, 4*h - 592 = -a. What is the highest common factor of 333 and h?
37
Suppose 76 = 15*b - 89. Calculate the highest common divisor of b and 341.
11
Suppose -5 = 2*s - 109. Calculate the highest common divisor of 182 and s.
26
Suppose -28 = 3*m + 38. Let z = 55 + m. Let b(g) = 4*g - 1. Let r be b(3). Calculate the greatest common divisor of r and z.
11
Suppose 0 = -2*l - 4*u + 4054, 1746 = -2*l + 5*u + 5773. Calculate the greatest common divisor of l and 43.
43
Suppose 0 = 66*f + 8563 - 32521. Calculate the greatest common divisor of f and 121.
121
Let x(m) = m**3 - 3*m**2 + 2*m - 3. Let z be x(3). Suppose 0 = 2*k + w - 95, -z*w = 4*k - 8*w - 155. What is the highest common factor of k and 9?
9
Let p(w) = 4*w**2 + 3*w + 2. Let y be p(-2). Let n be (-27)/6*y/(-27). Let q be n*(-9)/(-15)*30. Calculate the highest common divisor of q and 4.
4
Let v(t) = 2*t**3 + 21*t**2 + 11*t - 6. Let x be v(-9). What is the greatest common divisor of x and 115?
23
Let u be ((-60)/(-21))/((-3)/(-21)). Calculate the highest common factor of 5 and u.
5
Let a be (-6 + 460/30)*(-84)/(-16). What is the greatest common factor of 63 and a?
7
Let t(p) = p**3 + 4*p**2 + 10. Let c(o) = o**2 + 22*o + 53. Let y be c(-19). Let d be t(y). Calculate the highest common factor of 40 and d.
10
Let k be (-6)/5*(-385)/33. Suppose 9*m = k*m - 25. Let l(f) = f + 16. Let y be l(m). Calculate the highest common divisor of y and 7.
7
Suppose 797 + 757 = 3*w. Calculate the greatest common divisor of w and 296.
74
Let f be 5*4*(-2)/(-40). Let o(m) = -48*m + 2. Let v be o(f). Let s = v + 67. What is the highest common divisor of s and 3?
3
Suppose 2*i = 4*v + 8, -2*v + 4*i + 9 = 1. Let z = v + 9. Suppose t + 90 = z*f, -5*t = 25 - 0. What is the highest common divisor of f and 51?
17
Suppose 5*f = -5*d + 1064 + 611, 4*d - 1000 = -3*f. Calculate the greatest common divisor of f and 60.
20
Let u(h) = 2*h + 26. Let f be u(-5). Calculate the greatest common factor of 544 and f.
16
Suppose 3*z = -5 + 149. What is the highest common factor of z and 6?
6
Let d be (38/(-3))/(14/42). Let n be (133/d)/((-1)/6). What is the highest common divisor of n and 3?
3
Let m(b) = -3*b**3 - 3*b**2 + b + 4. Let k be m(-3). Suppose -q - k = 3*r, -86 = 3*r + r - 5*q. Let f = 20 + r. What is the greatest common factor of 3 and f?
1
Suppose -2 - 10 = -2*c + 3*g, 2*g = -2*c + 22. Suppose 0 = -4*j - c + 29. Let v be -2*-3*(j - 0). Calculate the highest common divisor of v and 12.
6
Suppose -4*w = 4*f - 236, -12 = -3*f + 3*w + 189. Suppose 4*y - f = 41. What is the highest common factor of y 